2 + 0*l**2 + l + 4*l**2 + 62. List the prime factors of o(m).
2, 31
Suppose o - 326 = 357. What are the prime factors of o?
683
Let t = -16 - -14. List the prime factors of -3 - t/(-2)*-38.
5, 7
Let p = 10 - -1248. List the prime factors of p.
2, 17, 37
Let n(b) be the third derivative of 53*b**5/60 + b**3/6 + 5*b**2. List the prime factors of n(1).
2, 3
What are the prime factors of (5 + (-21)/7)*4212/8?
3, 13
Let w = -225 - -336. List the prime factors of w.
3, 37
Let v(o) = 4*o**2 - 18*o + 8. Let h be v(-5). Suppose -5*y + 785 = 3*p, 2*y = 3*p + h + 95. List the prime factors of y.
2, 7, 11
What are the prime factors of 950 - (-3)/(24/(-56))?
23, 41
Let t(w) = -w**3 + 22*w**2 + 7*w + 26. Let i be t(22). Suppose 3*v - 12 - 133 = -4*d, 5*d - i = -5*v. List the prime factors of d.
37
Let d(q) = -9*q + 2. Let b(l) = -1. Let n(v) = 10*b(v) - 2*d(v). List the prime factors of n(7).
2, 7
Let l = -13 + 14. Let q be 3 + (2 - -15 - l). Suppose -57 - q = -4*i + 4*s, -4*s = -2*i + 36. List the prime factors of i.
2, 5
Let b(i) = 3*i + 14*i - 15 - i. What are the prime factors of b(6)?
3
Suppose -12 = -4*k, -k + 289 = -2*g - 140. List the prime factors of (6/3)/(-2) - (0 + g).
2, 53
Let g = 9 - 10. Let j(i) = 74*i**2 - 2*i - 1. Let f be j(g). Suppose 4*s = -5*m + 165, 2*s - 5*m - f = -0*s. What are the prime factors of s?
2, 5
Let i = -245 + 39. Let y = -119 - i. Let m = 122 - y. List the prime factors of m.
5, 7
Suppose 0 = 11*h - 5*h - 810. Suppose q - h = -2*q. What are the prime factors of q?
3, 5
Let q = -303 + 735. What are the prime factors of q?
2, 3
What are the prime factors of (-1781)/(-2) + 1 + (-99)/66?
2, 5, 89
Let y be 8 + (0 - (1 + 0)). Suppose y*r = 12*r - 845. What are the prime factors of r?
13
Suppose i = -i + 2*l - 2, i = 2*l - 2. Suppose i = 2*n - n - 4. Suppose -n*j - 4*m + 154 - 10 = 0, 4*j + m - 129 = 0. List the prime factors of j.
31
Let p be 1*((-6)/33 - 1571/11). Let w = -83 - p. What are the prime factors of w?
2, 3, 5
Suppose -72 + 300 = -4*d. Let z = 45 + -25. Let p = z - d. List the prime factors of p.
7, 11
Suppose -2*h = 5*m - 854, -6*h + h + 2135 = -m. Suppose 142 = -5*g + h. List the prime factors of g.
3, 19
Let n(c) = 33*c + 556. What are the prime factors of n(44)?
2, 251
Suppose -56 = 2*m - 154. Let t = 14 + m. List the prime factors of t.
3, 7
Let w = 832 - 469. List the prime factors of w.
3, 11
Let r(o) = o**3 - 2*o**2 - o - 6. Let j be r(3). Suppose -4*k = -3*a - 68, 4*k + j*k = 4*a + 64. Let i = k - -25. What are the prime factors of i?
3, 5
Let t(g) = g**3 + 7*g**2 - 3*g - 8. Let w be t(-6). Let n = -25 + w. List the prime factors of n.
3, 7
Let y(j) = 2*j**3 - j**2 - 2*j + 2. Suppose 3*p + 0 = 12. Let o be y(p). Suppose -4*z + o = -38. What are the prime factors of z?
2, 3
Suppose 5*z + 55 = 10*z. Let l = z - 12. What are the prime factors of 10/4 - l/(-2)?
2
Suppose 2*k = b - 16, 0 = b - k - 13 + 1. What are the prime factors of -4*(-3 + (-34)/b)?
29
Let q(t) = 9*t**3 + 22*t**2 + 21*t + 20. Let s(d) = 4*d**3 + 11*d**2 + 10*d + 10. Let j(z) = -3*q(z) + 7*s(z). List the prime factors of j(-4).
2, 47
Suppose 0 = 201*w - 196*w - 20. Suppose 433 = -w*l + 1045. List the prime factors of l.
3, 17
Suppose -33*d + 65*d = 49248. List the prime factors of d.
3, 19
Let a(q) = 112*q + 627. What are the prime factors of a(14)?
5, 439
What are the prime factors of (-9)/(-21) - (-54423)/21?
2, 3
Let n be (4/(-6))/(28/42). Let b be 69 - (n - (4 - 3)). Suppose 3*l - b = 61. What are the prime factors of l?
2, 11
Suppose -16*w + 1295 = -9*w. Suppose -621 + w = -2*k. What are the prime factors of k?
2, 109
Suppose 4*d = 31*d - 12555. What are the prime factors of d?
3, 5, 31
Let g = -12 + 16. Suppose 176 = -0*u + g*u. Suppose -u = -4*h - 4*j, 4*j + 14 + 2 = 0. List the prime factors of h.
3, 5
Suppose -6 = -i - 2*i. Let g(k) = k**3 - i - 3*k**2 - 20*k + 10*k**2 + 8*k. What are the prime factors of g(-8)?
2, 3, 5
Suppose -2*x - 3*x + 296 = 2*l, 2*l - 3*x - 328 = 0. Let t = 232 - l. What are the prime factors of t?
2, 37
Suppose 34*p = 37*p - 555. List the prime factors of p.
5, 37
Let s(j) = j**3 - 5*j**2 - 2*j + 10. Let c be s(5). Let p = c - 0. Suppose 2*f - 3*f + 5*z + 22 = p, 4*f - z = 31. What are the prime factors of f?
7
Suppose -3*b = -3*k - 597, 3*b = -2*k + 744 - 147. What are the prime factors of b?
199
Let v = -39 - -39. Suppose 4*t - 152 = -v*t. What are the prime factors of t?
2, 19
Let a(r) = 125*r + 370. What are the prime factors of a(14)?
2, 5, 53
Let a be (6/(-8))/((-6)/(-4))*-18. Let y(l) = -l**3 + 9*l**2 + 11*l + 7. What are the prime factors of y(a)?
2, 53
Suppose 2*f + f - 15 = 0. Suppose 0 = -4*w - 5*t - 16, 3*w = w - f*t - 18. What are the prime factors of (-2 - w)/3*-7?
7
Suppose -4*k = 5*m - 13, -k - 4*m = -4*k + 2. List the prime factors of 221 + -27 + k/(-2).
193
Suppose 2*z - 4*m = -90, m - 4*m = 3. Let h = 120 + z. List the prime factors of h.
73
Let l(j) be the second derivative of j**5/20 + j**4/2 - 4*j**3/3 + 3*j**2 + 3*j. Suppose 2*u - 6*u - 28 = 0. What are the prime factors of l(u)?
13
Let g(b) = 3*b**3 - 49*b**2 - 20*b + 59. What are the prime factors of g(18)?
1319
Let k be ((-16)/(-12))/((-8)/(-228)). Suppose -k = -d + 46. List the prime factors of d.
2, 3, 7
Let q(u) = u**2 + 2*u + 4. Let c be q(-4). Let g = c - 9. Suppose 1 - 34 = -g*m. What are the prime factors of m?
11
Let i(f) = 4*f + 10*f - 6*f**2 - 6*f - 8. Let p(t) = 5*t**2 - 8*t + 9. Let g(h) = 4*i(h) + 5*p(h). What are the prime factors of g(11)?
2, 23
Let o(y) = 0*y**2 + 7*y**2 - 9 - 4. Let g be o(-4). Suppose -4*b + 2*w + w + 132 = 0, -g = -3*b + 5*w. What are the prime factors of b?
3, 11
Suppose -2*j + 0*j = 12. Let p be (81/(-6))/(j/40). What are the prime factors of (-2)/2 - p/(-5)?
17
Let v(l) = 36*l**2 - 1. Let b be v(1). List the prime factors of 28/b + (-232)/(-10).
2, 3
Let q = -157 - -100. Let m = 126 + q. What are the prime factors of m?
3, 23
Let q(o) = -o**3 + 18*o**2 + 20*o - 15. Let x be q(19). List the prime factors of 206/(-1 + 12/x).
103
Suppose 3*z - 6*z = i - 297, 0 = -z + 3*i + 99. Let o = z - 3. List the prime factors of o.
2, 3
Suppose -3*h + 541 = 4*i, -3*h + 544 = i + 6. List the prime factors of h.
179
Let o be 4/(-2) + 6 + -17. Let b = 7 + o. Let k = b + 13. List the prime factors of k.
7
What are the prime factors of (17 - 23)/((-6)/8)?
2
Let h(k) = k**2 + 9*k - 5. Suppose -18 = 4*m - 7*m. Let p be (-2)/((m/(-10))/(-3)). List the prime factors of h(p).
5
Let k be (4 - 28/6)*-3. List the prime factors of 39/k*8/6.
2, 13
Suppose d = z + 2318, 0 = 4*d - 17*z + 18*z - 9257. List the prime factors of d.
5, 463
Suppose 3*o + 4*x + 2228 = 6151, -2*o - 4*x + 2614 = 0. List the prime factors of o.
7, 11, 17
Suppose 9 - 45 = -6*q. Suppose 0 = -x - 5, -c = -q*c - 3*x + 520. What are the prime factors of c?
107
Let m(x) = -5*x**3 + 10*x**2 - 20. List the prime factors of m(-8).
2, 3, 5, 53
Let a = -5 + 2. Let w(r) be the first derivative of r**3/3 - 2*r**2 - 4*r - 93. List the prime factors of w(a).
17
Suppose -4*s + 5*m - 18 = 0, 0*m = s + 2*m - 2. List the prime factors of (-72)/48 + (-75)/s.
2, 3
Suppose 0 = -5*t - y + 105, -t - 2*y + 105 = 4*t. Suppose -4*m = -5*d - 41, 4*m + 2*d - t = 41. Let r = -12 + m. List the prime factors of r.
2
Suppose f - 611 = -36. List the prime factors of f.
5, 23
Let o = 7 - 3. Suppose 5*q - u - 234 = 0, -o*q = u - 5*u - 184. What are the prime factors of q?
47
Let s = -81 - -83. Suppose -4*m - 3*x = -542, -s*m + 233 + 43 = 4*x. What are the prime factors of m?
2, 67
Suppose 2 = -5*b - 2*c + 27, -5*c = -b + 5. Suppose 3*t = -v - t - 59, -b*v + t - 337 = 0. Let d = -38 - v. What are the prime factors of d?
29
Let d(r) = 2*r**2 + r - 1 + 4*r**3 + 10*r + 12*r**2. Let a(h) = -7*h**3 - 27*h**2 - 21*h + 3. Let l(g) = -3*a(g) - 5*d(g). What are the prime factors of l(-10)?
2
Let m = -3 + 42. Suppose -m = -2*t + 237. List the prime factors of t.
2, 3, 23
Let w(c) = -2*c**3 + 4*c**2 - 13*c - 52. What are the prime factors of w(-6)?
2, 7, 43
Let m = -130 - -126. Let r be 4/((-4)/(-21)) + 1. Let p = m + r. List the prime factors of p.
2, 3
Let n be (-30)/4 - (-7)/(-14). Let k be n/(-32) - 65/4. Let f = k + 62. What are the prime factors of f?
2, 23
Suppose -30*o = -5*o - 19850. W